{"id":256,"date":"2024-04-15T13:48:12","date_gmt":"2024-04-15T11:48:12","guid":{"rendered":"https:\/\/cabinetbacadi.fr\/?page_id=256"},"modified":"2025-05-16T11:20:11","modified_gmt":"2025-05-16T09:20:11","slug":"nous-contacter","status":"publish","type":"page","link":"https:\/\/cabinetbacadi.fr\/index.php\/nous-contacter\/","title":{"rendered":"Nous contacter"},"content":{"rendered":"\n<p class=\"has-text-align-center\" style=\"padding-top:var(--wp--preset--spacing--20);padding-bottom:var(--wp--preset--spacing--20)\"><strong>Nous trouver :<\/strong><\/p>\n\n\n\n<ul class=\"wp-block-social-links has-visible-labels has-icon-color has-icon-background-color is-content-justification-center is-layout-flex wp-container-core-social-links-is-layout-a89b3969 wp-block-social-links-is-layout-flex\"><li style=\"color:#fff;background-color:#a7c8ba;\" class=\"wp-social-link wp-social-link-google has-background-color wp-block-social-link\"><a rel=\"noopener nofollow\" target=\"_blank\" href=\"https:\/\/maps.app.goo.gl\/Wnqq8NiJNZiT2XZE7\" class=\"wp-block-social-link-anchor\"><svg width=\"24\" height=\"24\" viewBox=\"0 0 24 24\" version=\"1.1\" xmlns=\"http:\/\/www.w3.org\/2000\/svg\" aria-hidden=\"true\" focusable=\"false\"><path d=\"M12.02,10.18v3.72v0.01h5.51c-0.26,1.57-1.67,4.22-5.5,4.22c-3.31,0-6.01-2.75-6.01-6.12s2.7-6.12,6.01-6.12 c1.87,0,3.13,0.8,3.85,1.48l2.84-2.76C16.99,2.99,14.73,2,12.03,2c-5.52,0-10,4.48-10,10s4.48,10,10,10c5.77,0,9.6-4.06,9.6-9.77 c0-0.83-0.11-1.42-0.25-2.05H12.02z\"><\/path><\/svg><span class=\"wp-block-social-link-label\">Google Maps<\/span><\/a><\/li><\/ul>\n\n\n\n<div class=\"wp-block-group has-tertiary-color has-text-color has-link-color has-open-sans-font-family has-normal-font-size wp-elements-4aedf35bd68673dfa173673b646fd3bb is-layout-constrained wp-container-core-group-is-layout-12243e0f wp-block-group-is-layout-constrained\">\n<p class=\"has-text-align-center has-open-sans-font-family has-normal-font-size\" style=\"padding-top:var(--wp--preset--spacing--50)\">Pour toute question ou demande, vous pouvez nous contacter \u00e0 l&rsquo;adresse suivante <a href=\"mailto:cabinetbacadi@gmail.com\" target=\"_blank\" rel=\"noreferrer noopener\">cabinetbacadi@gmail.com<\/a>.<\/p>\n\n\n<div class=\"aligncenter wp-block-site-logo\"><a href=\"https:\/\/cabinetbacadi.fr\/\" class=\"custom-logo-link\" rel=\"home\"><img loading=\"lazy\" decoding=\"async\" width=\"249\" height=\"249\" src=\"https:\/\/cabinetbacadi.fr\/wp-content\/uploads\/2024\/05\/logo2b.png\" class=\"custom-logo\" alt=\"Cabinet BACADI\" srcset=\"https:\/\/cabinetbacadi.fr\/wp-content\/uploads\/2024\/05\/logo2b.png 3402w, https:\/\/cabinetbacadi.fr\/wp-content\/uploads\/2024\/05\/logo2b-300x300.png 300w, https:\/\/cabinetbacadi.fr\/wp-content\/uploads\/2024\/05\/logo2b-1024x1024.png 1024w, https:\/\/cabinetbacadi.fr\/wp-content\/uploads\/2024\/05\/logo2b-150x150.png 150w, https:\/\/cabinetbacadi.fr\/wp-content\/uploads\/2024\/05\/logo2b-768x768.png 768w, https:\/\/cabinetbacadi.fr\/wp-content\/uploads\/2024\/05\/logo2b-1536x1536.png 1536w, https:\/\/cabinetbacadi.fr\/wp-content\/uploads\/2024\/05\/logo2b-2048x2048.png 2048w\" sizes=\"auto, (max-width: 249px) 100vw, 249px\" \/><\/a><\/div>\n\n\n<p class=\"has-text-align-center\" style=\"padding-top:var(--wp--preset--spacing--30);padding-bottom:var(--wp--preset--spacing--30)\"><strong>Location des locaux :<br><\/strong>Vous recherchez un lieu o\u00f9 installer votre activit\u00e9 professionnelle ponctuellement ou r\u00e9guli\u00e8rement ?<\/p>\n\n\n\n<p class=\"has-text-align-center\" style=\"padding-top:var(--wp--preset--spacing--30);padding-bottom:var(--wp--preset--spacing--30)\">Pour ce faire, vous avez besoin d&rsquo;un bureau et\/ou d&rsquo;un espace commun o\u00f9 exercer ? <\/p>\n\n\n\n<p class=\"has-text-align-center\" style=\"padding-top:var(--wp--preset--spacing--30);padding-bottom:var(--wp--preset--spacing--30)\">Nos locaux sont disponibles \u00e0 la location pour organiser des consultations, des rendez-vous, des ateliers, des s\u00e9ances, des conf\u00e9rences, des formations dans le domaine de la sant\u00e9 et du bien-\u00eatre. Pour toute demande d&rsquo;informations, merci de nous contacter \u00e0 l&rsquo;adresse par mail <\/p>\n\n\n\n<p class=\"has-text-align-center\" style=\"padding-top:var(--wp--preset--spacing--30);padding-bottom:var(--wp--preset--spacing--30)\"><a href=\"mailto:cabinetbacadi@gmail.com\" target=\"_blank\" rel=\"noreferrer noopener\">cabinetbacadi@gmail.com<\/a>.<\/p>\n<\/div>\n","protected":false},"excerpt":{"rendered":"<p>Nous trouver : Pour toute question ou demande, vous pouvez nous contacter \u00e0 l&rsquo;adresse suivante [&hellip;]<\/p>\n","protected":false},"author":1,"featured_media":0,"parent":0,"menu_order":0,"comment_status":"closed","ping_status":"closed","template":"","meta":{"footnotes":""},"class_list":["post-256","page","type-page","status-publish","hentry"],"aioseo_notices":[],"_links":{"self":[{"href":"https:\/\/cabinetbacadi.fr\/index.php\/wp-json\/wp\/v2\/pages\/256","targetHints":{"allow":["GET"]}}],"collection":[{"href":"https:\/\/cabinetbacadi.fr\/index.php\/wp-json\/wp\/v2\/pages"}],"about":[{"href":"https:\/\/cabinetbacadi.fr\/index.php\/wp-json\/wp\/v2\/types\/page"}],"author":[{"embeddable":true,"href":"https:\/\/cabinetbacadi.fr\/index.php\/wp-json\/wp\/v2\/users\/1"}],"replies":[{"embeddable":true,"href":"https:\/\/cabinetbacadi.fr\/index.php\/wp-json\/wp\/v2\/comments?post=256"}],"version-history":[{"count":10,"href":"https:\/\/cabinetbacadi.fr\/index.php\/wp-json\/wp\/v2\/pages\/256\/revisions"}],"predecessor-version":[{"id":549,"href":"https:\/\/cabinetbacadi.fr\/index.php\/wp-json\/wp\/v2\/pages\/256\/revisions\/549"}],"wp:attachment":[{"href":"https:\/\/cabinetbacadi.fr\/index.php\/wp-json\/wp\/v2\/media?parent=256"}],"curies":[{"name":"wp","href":"https:\/\/api.w.org\/{rel}","templated":true}]}}